x + 7 - 6, 4*x + 17 = h. Let a = h - -141. What is the hundreds digit of a?
1
Suppose 4*b = -5*v - 154, 2*b + 2*v = 3*b + 32. Let g = b - -41. Suppose g*m - 171 = -3*a, 0 = 5*a - 5*m - 269 - 16. What is the units digit of a?
7
Let u = -370 + 370. Suppose o = 5*d - 3939, 7*d - 11*d + 3*o + 3149 = u. What is the hundreds digit of d?
7
Suppose -206 = 18*k - 20*k. Let u = k + 11. What is the units digit of u?
4
Suppose 5*a + p - 102 = 0, -5*a - p - 2*p = -96. Let c(f) = -a + 7*f + 8 + 6. What is the units digit of c(4)?
1
Let p be 2096/6 - 6/(-9) - 2. Let f = p - 148. What is the hundreds digit of f?
2
Let t(v) be the second derivative of -v**4/6 + v**3 - 2*v**2 + 16*v. Let f be t(2). What is the units digit of (9 - f) + (3 - 0) + -3?
9
Suppose 5*l + 5*b = 2460, b - 1476 = -3*l + 3*b. Let g = -258 + l. What is the units digit of g?
4
Suppose -25*c = -80854 + 19279. What is the units digit of c?
3
Let i(s) = -2*s**2 + s - 3. Let g be i(3). Let l = 71 + g. What is the units digit of l?
3
Let v(c) = c**2 - 2*c. Let g(y) = y**3 - y**2 + 13*y - 22. Let r(f) = g(f) + 2*v(f). What is the hundreds digit of r(7)?
4
Suppose -10*b - 5 = -11*b. Let z(n) = 11 + 8*n**2 - 7 + 1 + b*n. What is the units digit of z(-3)?
2
Suppose 94*m - 2552 = 93*m - 4*l, -5*m + l + 12655 = 0. What is the units digit of m?
2
Let l be ((-20)/8)/(7/(1 - 15)). Let m(q) = 6*q**3 + 14*q**2 - 31*q - 12. What is the tens digit of m(l)?
3
Suppose 4*x + 9522 = 72698. What is the tens digit of x?
9
What is the thousands digit of ((2496/40)/(-3))/(4/(-7084 + 4))?
6
Let t = -1466 + 9133. What is the hundreds digit of t?
6
Suppose 18 = 35*c - 1032. Suppose 0 = c*w - 27281 - 8269. What is the thousands digit of w?
1
What is the tens digit of (-210128)/(-8) + 12 + (2 - 6)?
7
Suppose -50 - 48 = -2*n. Suppose -50*u + n*u = 76. Let p = u - -138. What is the tens digit of p?
6
Let m = -24943 + 34746. What is the thousands digit of m?
9
Let t be (-79)/(-2)*1*-2. Let r = t - -112. Suppose 0 = -2*w + r + 131. What is the units digit of w?
2
Let p be 92/(-230) - 167/(-5). Let n(l) = -l**2 + 48*l - 1. What is the units digit of n(p)?
4
Let m = 25 - -11253. What is the units digit of m?
8
Suppose -10*p = 498 + 42. Let y = -52 - p. Suppose 3*c + 8 + 127 = y*k, -4*k + 4*c = -268. What is the tens digit of k?
6
Suppose 27*l = 29*l - 3*s - 720, 5*s - 1750 = -5*l. What is the tens digit of l?
5
Let i be 0/((-4)/30 - 86/30). Suppose i = -5*q + 569 - 3149. What is the tens digit of (3/((-27)/3))/(2/q)?
8
Let g = 47 - 47. Suppose g = 7*z - z - 5328. Suppose -z = -a - 7*a. What is the tens digit of a?
1
Suppose 3 = -4*v - 13, -3*i + 11995 = 5*v. What is the tens digit of i?
0
Suppose -z - z = -8*z. Suppose 6*a + z = 6. What is the units digit of (a/(-3))/((-8)/792)?
3
Let x = 69 + -13. Suppose -73*g - 203 = -3*j - 77*g, 0 = -4*g + 20. Suppose -920 = -j*y + x*y. What is the units digit of y?
4
Suppose -20*z - 41 - 159 = 0. What is the hundreds digit of (-4 + (-55)/z)*558?
8
Suppose -5*h - p = -21, 2*h + 3*p - 2 - 9 = 0. Suppose 3*d + 3*c - 4695 = 0, 0 = 3*d - d + h*c - 3132. What is the tens digit of (3/2)/(69/d)?
3
Let u = 359 - -103. Let s be (15 - (8 - -1)) + -6. Suppose 5*r - u - 18 = s. What is the units digit of r?
6
Let g(x) = 2*x + 8. Let l be g(-2). Suppose 0*p + p + 2*m - 178 = 0, 702 = l*p - 2*m. What is the tens digit of p?
7
Suppose -348 = -2*h + v, 563 + 306 = 5*h - 2*v. Suppose -175*p = -h*p - 1492. What is the tens digit of p?
4
Let a(x) = x**3 + 11*x**2 + 1. Let d be a(-11). Suppose 0 = y + d + 5. What is the tens digit of 155/30*y/(-1)?
3
Let w(n) = 6*n**3 + 19*n**2 - 86*n + 574. What is the hundreds digit of w(14)?
5
Suppose 0*b - 2*b = 2*u - 6, 2*u - 5*b - 13 = 0. Suppose 3*x - u*c = 48, 0 = -x + c - 4*c + 3. Suppose -10*j = -x*j + 74. What is the units digit of j?
7
Let q be 308/(-20) - (-2)/5. Let o be 3/q*75/(-5). Suppose k = -2*l + 24, o*k + 2*l - 31 = 21. What is the tens digit of k?
1
Suppose -2*n - 2*l = 6, -4*l = 2*n - 0 + 16. Let w(u) = 4*u + 91*u**n - 88*u**2 + 37 - 8*u. What is the hundreds digit of w(6)?
1
Suppose 43517 = 2*f + 3*j, 2*j - 4*j - 21762 = -f. Suppose -54*m + f = -34*m. What is the hundreds digit of m?
0
Suppose 16*f = 13*f + 4*j + 69907, 9*j - 45 = 0. What is the thousands digit of f?
3
Let g(a) = 16*a**2 + 10*a + 17. Suppose -2*t + 5 = -3*t. What is the tens digit of g(t)?
6
Let z = 22 + -61. Let a = -34 - z. Suppose d - 16 = -3*d - 4*s, 0 = a*s + 20. What is the units digit of d?
8
Let y be (6/(-4))/(-9 - (-10035)/1116). Let p = y - -115. What is the units digit of p?
1
Suppose -125 = 4*s + s. Let y = 21 + 28. Let z = y + s. What is the units digit of z?
4
Let s(q) = 2*q**3 + q. Let x(a) = a**2. Let i be x(1). Let b be s(i). Suppose -3*d = -4*y - 495, -2*y = 5*d - b*y - 842. What is the hundreds digit of d?
1
Let h be (-8)/44 + (-1734)/22. Let m = 133 + h. Suppose 58*q - m*q - 404 = 0. What is the units digit of q?
1
Let x be (9/(-27))/((-2)/(-18)). Let n(y) = -y + 6. Let f be n(0). What is the tens digit of ((-246)/(-8))/(f*x/(-48))?
8
Let p = 1901 + -3064. Let c = p + 1736. What is the units digit of c?
3
Let r(w) = w**3 + w + 61. Let a be r(0). Let y = -57 + a. Suppose 4*t - y*q = 256, 5*t = 5*q - 10*q + 360. What is the tens digit of t?
6
Let d(l) = 10*l - 14. Let g = -12 - -24. Let w be d(g). Let r = -42 + w. What is the units digit of r?
4
Suppose -25*a + 9280 = 3*p - 29*a, 0 = 2*p - a - 6195. What is the hundreds digit of p?
1
Suppose 4*m + 28 = 8*m. Let f be (-187)/(-77) + (-1)/m*-4. Suppose f*y - 126 = 144. What is the units digit of y?
0
Let i be 0*(0 + 4 - 5). Let a(m) = 5*m**3 - m**2 + 1. Let o be a(1). Suppose i = j + 2, -o*v + 4*v + 4*j = -230. What is the tens digit of v?
2
Suppose -1624 = 4*t - 6396. Suppose 9*b + 5 = t. Suppose j = 5*p + b, 2*j + p - 9 = 255. What is the hundreds digit of j?
1
Let n = -23723 + 42822. What is the hundreds digit of n?
0
Let x be -2 - (-87)/27 - (-10)/(-45). Let g(k) = 4*k + 0*k + 45*k**2 - 2 - k. What is the units digit of g(x)?
6
Suppose 1237 + 1012 - 694 = 5*k. Let n(q) = -q**2 - 6*q - 6. Let x be n(-4). Suppose -x*t - 79 = -k. What is the hundreds digit of t?
1
Let g = -172 + 140. What is the hundreds digit of (-28 - g)*(-2586)/(-8) - -1?
2
Let b = 1 - 1. Suppose -5*u + 3*h + 2567 = b, 5*h = -4*u - 85 + 2146. What is the tens digit of u?
1
What is the units digit of 6 - ((-40)/(-10) - 3) - -19903?
8
Suppose -15*b = -16*b + 810. Let a = -577 + b. Suppose 10*i - a - 207 = 0. What is the units digit of i?
4
Let a = 218 + -221. Let d(p) = 24*p**2 - 8. What is the units digit of d(a)?
8
Let f = 317 + -331. What is the tens digit of (-14)/(-4)*(-320)/f?
8
Suppose -12*w = -7*w - 30. What is the units digit of ((-56)/w)/(((-60)/558)/5)?
4
Let h = 37 + -143. Let x = 43 - h. Let q = x + -83. What is the units digit of q?
6
Let w = 79 - 77. Let i = -3 - -5. Suppose -w*a = -i*s + 16, -40 = 2*s - 7*s + 2*a. What is the units digit of s?
8
Suppose -2*t = -p + 550, 454 = -3*t - 4*p - 360. What is the hundreds digit of t*2/4*1/(-1)?
1
Suppose -30592 - 44000 = -36*w. Suppose 4*j - w = -2*g, -4*g + 1418 + 2690 = -4*j. What is the units digit of g?
0
Suppose 4*j = 4*t - 8888, 0 = -9*t + 5*t + 5*j + 8886. Suppose -t = -14*q + 14996. What is the units digit of q?
0
Suppose 35*q = -33276 + 79964 + 168317. What is the units digit of q?
3
Suppose -2 = o - 2*h - h, -4*h = -3*o + 14. Suppose 5421 = o*x + 1411. What is the tens digit of x?
0
Suppose 0 = 2213*s - 2108*s - 398790. What is the units digit of s?
8
Suppose 76 = -11*w + 1308. Let v = 262 + w. What is the hundreds digit of v?
3
Let k be 7*(-3 - 34/(-14)). What is the tens digit of (k/(-3))/((-8)/(-2244))?
7
Let p(m) be the second derivative of m**4/6 - m**3/6 - 40*m**2 - 13*m + 4. What is the hundreds digit of p(18)?
5
Let g be (-24)/5*15/(-6). What is the units digit of 676 + 4/g*-21?
9
Suppose 199*q + 9520 = 204*q. What is the tens digit of q?
0
Let a be (27/(-6) + 0)/(5/80). Let s = a - -174. What is the tens digit of 6/12 - s/(-4)?
2
Suppose -4*l - 5*f = -29967, -4*f = -23 + 11. What is the hundreds digit of l?
4
Suppose -40712 - 42398 = -33*p + 113372. What is the units digit of p?
4
Let t(f) = -f**3 + 12*f**2 + 11*f - 35. Let l be t(6). Let m(d) = -63*d - 16. Let j be m(-7